of t?
4
Suppose 3*v = 350 - 41. Suppose -5*u + r = -u - v, -3*u + r = -78. Suppose 2*s - 15 = u. What is the tens digit of s?
2
Suppose -15 = 2*a - 3*m, 2*a + 2*m - 10 = 3*a. Let v(x) = -4 + a*x**2 - x**2 + 19*x - 11*x. What is the units digit of v(5)?
1
Suppose 25*s = 30*s - 200. Let f = s + -27. What is the tens digit of f?
1
Suppose -212*a = -153*a - 319721. What is the units digit of a?
9
Suppose 10*d - 786 = -246. What is the tens digit of d?
5
Let g be 0*(-3)/6*2. Suppose g = 5*z + n + 739 - 188, 5*z - 5*n + 545 = 0. What is the units digit of ((-352)/z)/((-4)/(-30))?
4
Let y(o) = -2*o - 25. Let w be y(-11). Let m be 9/6*232/(-6). What is the units digit of (m/4)/(w/6)?
9
Suppose -h - 3 = c + 5, -2*h + 4*c + 8 = 0. Let x be 22/h*(-20 + 6). Suppose -4*f + v = -106, -5*f = -2*v - x - 57. What is the units digit of f?
6
Suppose 0 = -2*b + 10 - 8. Let t be (-3)/(-12) + b/(-4). Suppose -4*r - r + 180 = t. What is the tens digit of r?
3
Suppose 0 = 2*h - 4*c - 2050, -5*h - 27*c + 5177 = -24*c. What is the hundreds digit of h?
0
Let f = 39 + -35. Suppose -578 = -4*p + 5*d, -f*p + 4*d + 385 = -195. What is the tens digit of p?
4
Let y = -32 + 23. Let g be 44 + (-3)/(y/6). Suppose g = m + m. What is the tens digit of m?
2
Let b(u) = -u**2 + 12*u - 17. Let l be b(10). Suppose l*p - 151 = 143. What is the tens digit of p?
9
Let i(n) = n**2 + 19*n + 24. Let m be i(-17). What is the units digit of 2/m*(-2 + 8)*-70?
4
Suppose -2*b = -2*d + 4*d + 32, 2*d = -b - 17. Let j = -6 - b. Suppose 0 = 3*p - j - 51. What is the tens digit of p?
2
Suppose -3*j + 4451 = -5*y, 4*y - 2097 = -4*j + 3795. Suppose 0 = 2*o - 2*v - 738, j = 4*o + v - 9. What is the tens digit of 1/2 + o/14?
2
What is the tens digit of (-26)/8 - (-9)/(-12) - -813?
0
Let b(v) = 6*v + 52. Let j be b(-8). Suppose 0 = 2*g - 4*g. Suppose -16 = -2*y - 2*y, g = j*o + 4*y - 112. What is the units digit of o?
4
Let n(r) = -r**2 - 18*r - 29. Let b be n(-16). Suppose -3*s - 4*w + 196 = w, -316 = -5*s - b*w. What is the units digit of s?
2
Suppose 5*n = 2*n - 30. Let j be 3 - 4 - (n - -3). Suppose -19 = 5*t - j*t. What is the units digit of t?
9
Let p be ((-3)/(-6))/((-3)/(-6)). Let w(t) = -t**3 - 16*t**2 + 3. Let m be w(-16). What is the tens digit of (-34 - m)/(p/(-1))?
3
Let r be (9/(-15))/((-21)/5 + 4). Suppose -r*a = 5*a - 384. What is the tens digit of a?
4
What is the units digit of (204/85)/((-9)/(-30))?
8
Let m(a) = -2*a**3 - 12*a**2 - 7*a - 16. Let o(y) = -y**3 - 6*y**2 - 3*y - 8. Let g(h) = -6*m(h) + 13*o(h). What is the units digit of g(-8)?
6
Let a = -790 + 1247. What is the tens digit of a?
5
Suppose -3*f = 3*f - 5*f. Suppose -3*i + f = -72. What is the tens digit of i?
2
Suppose 3*j = 4*t + 13, -t + 5 = j + 3. What is the tens digit of t*(-55)/1 - -1?
5
Let l(i) = 2*i**2 + 6*i + 6. Let y be (-1 - 3 - 0) + -2. Let h be l(y). Suppose 3*x + 7 - 16 = -f, 3*f + 4*x - h = 0. What is the tens digit of f?
1
Let k be (-30)/(-105) + 4*(-26)/(-28). Suppose -2*j + 2*c = -416, -k*j = -3*c - 111 - 720. What is the units digit of j?
7
Let n = -484 - -1252. What is the tens digit of n?
6
Suppose 0 = -n - 4*n + 4*c + 3348, -3*c + 1998 = 3*n. What is the hundreds digit of n?
6
Suppose f + 21 = 5*y, 8*y = 10*y + 3*f - 22. Suppose -164 = 4*x - 5*k - 591, 3*x + 3*k = 354. Suppose -y*c + x = -27. What is the units digit of c?
8
Suppose -54 = -14*b + 30. What is the units digit of b?
6
Suppose -14*k = -784 - 1218. What is the hundreds digit of k?
1
Suppose -17 = -3*t - 5. Suppose 0 = t*u - 5 - 7. Suppose -2*y + 2*d + 34 = 0, -2*y + u*d + 95 = 3*y. What is the units digit of y?
2
Suppose 2*k - 5*p = k + 2796, -3*k + 4*p = -8410. What is the hundreds digit of k?
8
Suppose 5*d + k - 9354 = 0, -232 - 3515 = -2*d + 5*k. What is the tens digit of d?
7
Let y(n) be the first derivative of n**3/3 + 4*n**2 - 16*n + 6. Let a be y(-12). What is the tens digit of a*(-3 + 0)/(-6)?
1
Let c be (-8)/(0 - (-3)/(-3)). Let i(h) = 9*h**2 - 27*h + 5. Let m(g) = -5*g**2 + 14*g - 2. Let j(k) = -4*i(k) - 7*m(k). What is the tens digit of j(c)?
1
Let n = -137 + 191. What is the units digit of n?
4
Suppose 0 = -10*a - 5 - 35. What is the tens digit of (-9)/24*a*(-1074)/(-9)?
7
Suppose 4*n - 292 + 84 = 0. What is the tens digit of n?
5
Suppose 3*g + 64 = -g. Let d(o) = o**3 - 16*o**2 + 15*o + 2. Let a be d(15). What is the units digit of 3/a*g/(-12)?
2
Let b be (-4 - -1) + (-15)/3. What is the tens digit of 14/(-4)*b/(2 + 0)?
1
Let s be (24/7)/(4/14). Let y(a) = a**3 - 13*a**2 + 15*a - 11. What is the units digit of y(s)?
5
Let f(r) = -r**3 + r**2 - 5*r - 8. Let s be f(-8). Suppose h + s = 9*h. What is the units digit of h?
6
Let j(v) = -7*v + 599. What is the tens digit of j(0)?
9
Suppose -3*g - 3097 = -4*s - 2*g, s + 4*g - 787 = 0. What is the tens digit of s?
7
Suppose -13 = 5*w + 17. Let b be w/39 - 2/(-13). Suppose b = 2*n - 6*n + 28. What is the units digit of n?
7
Let r(x) = 8*x**2 - 16*x + 24. Let b(u) = -u + u + 0*u - 1 + u. Let j(o) = 20*b(o) + r(o). What is the tens digit of j(-2)?
2
Let l(w) be the third derivative of -w**5/60 - w**4/4 - 2*w**3/3 + w**2. Let s be l(-5). What is the tens digit of 2*(s - (-51)/6)?
1
Let c = 3 + 12. What is the units digit of -3 + (6*c - 2)?
5
Let y = 12 - 1. Let l = 24 - y. Let b = -12 + l. What is the units digit of b?
1
Let l(b) = b + 87. Let m be l(0). Suppose 2*o - 3*f - 163 = 0, -2*o - m = -3*o - 4*f. What is the units digit of o?
3
Let n(x) = -12*x + 27. Let s(b) = -5*b + 14. Let f(h) = -2*n(h) + 5*s(h). What is the units digit of f(-7)?
3
Let i(c) = 5*c + 115. What is the tens digit of i(-6)?
8
Let s(z) = z**3 - 25*z**2 - 25*z - 21. Let j be s(26). Suppose 3*x + j*b - 297 = 0, 2*x - 7*b - 198 = -2*b. What is the units digit of x?
9
Let q = 535 + -156. What is the hundreds digit of q?
3
Suppose 0 = 2*l - h, -2*l - 4*h = -1 + 21. What is the units digit of (l + 141/(-3))/(3 - 4)?
9
Let c(i) be the second derivative of 8*i**3/3 - 2*i**2 + 35*i. What is the tens digit of c(5)?
7
Let z = 9 - 5. Suppose f + 1138 = -z*p, -4*f = p - 81 + 373. What is the tens digit of p/(-12) - (-8)/6?
2
Let t be 814/5 - 4/(-20). Let l = 235 - t. What is the tens digit of l?
7
Suppose -5*p + 297 + 523 = 0. Suppose -6*l - 50 = -p. Let n = l - -15. What is the units digit of n?
4
Let x be (-3)/(-6) + 42/4. Let c = x + -3. Let v = c - -14. What is the units digit of v?
2
Let p be 355/(-6) - 2/(-12). Let a = 87 - p. What is the tens digit of a?
4
Let u(p) = 10*p + 24. Let l be u(13). Suppose -102 - l = -2*o. What is the hundreds digit of o?
1
Let w = -51 + 83. What is the hundreds digit of (174/24)/(2/w)?
1
Let q = -8 - -13. Suppose 0 = -2*u - q*w + 49, 0 = -2*u - w + 11 + 26. What is the tens digit of u?
1
Let x = -25 - -29. Suppose -x*d + 2*d = -14. Suppose 0 = -2*q + 53 - d. What is the tens digit of q?
2
Let h = 43 - 14. Let q = -28 + h. What is the units digit of q?
1
Let h = -1739 + 4587. What is the thousands digit of h?
2
Suppose 7*v + 4*v - 4169 = 0. What is the tens digit of v?
7
Let k be 19*-1*(-1 + 0). Let c(d) = -d**2 - 48*d + 251. Let x be c(5). Let w = x + k. What is the units digit of w?
5
Let o(f) = f**2 + 7*f + 161. Let k(d) = 6*d + 30. Let g be k(-5). What is the hundreds digit of o(g)?
1
Let q(n) = -266*n - 16. Let i(s) = 53*s + 3. Let c(b) = -16*i(b) - 3*q(b). Let x be c(-1). Suppose 2*p = x - 14. What is the units digit of p?
8
Let x(r) = -682*r - 92. What is the units digit of x(-3)?
4
What is the tens digit of 28930/18 - (-4)/(-18)?
0
Let n(j) = j + 12. Let h be n(-12). Let g be 2*((-20)/(-8) + h). Suppose 0 = -m + 5*o + 6, g*o - 4*o = 2*m - 21. What is the tens digit of m?
1
Let o(q) = -56*q - 207. What is the hundreds digit of o(-37)?
8
Let u(j) = 2 + 0 + 3 + j. Let o be u(-7). Let w(v) = v**2. What is the units digit of w(o)?
4
Let j(v) be the first derivative of -95*v**2/2 - 14*v - 50. What is the units digit of j(-1)?
1
Let k(g) = -g**3 + 15*g**2 - 9*g - 12. What is the units digit of k(12)?
2
Let w = -2 - 2. Let h(u) = -u + 1. Let p be h(w). Suppose -p*f + 29 = -51. What is the tens digit of f?
1
Suppose 5*y = 2*o - 432 + 6178, -5*o - 1140 = -y. What is the thousands digit of y?
1
Let w be 22 - 6/(1 - -2). Suppose 3*q = -4*t + 5, 4*q + t = -t + w. Suppose -2*k - 223 = -q*k + 4*u,